tor of 11 and n?
11
Let x be (-2)/(-8) - 10250/8. Let y = -756 - x. Suppose 2*a = 5*a - y. Calculate the greatest common divisor of a and 25.
25
Suppose 3*l - l = 0. Suppose l = -7*q + 6*q. Suppose q = -11*h + 9*h + 72. Calculate the greatest common factor of 4 and h.
4
Suppose 5*c - 4*k - 78 = 0, -4*c = -7*c - k + 57. Let b = -85 - -87. What is the highest common divisor of b and c?
2
Let b(r) = -r**2 + 5*r - 2. Let t be b(4). Let n = -11 + 11. Suppose n = h - t*h + 12. What is the highest common divisor of 96 and h?
12
Let f(d) = -68*d**3 + 2*d**2 + 3*d + 2. Let x be f(-1). Let p = x + 16. Calculate the greatest common divisor of p and 34.
17
Suppose 3*u - 3 = 0, -4*s - 14*u + 17*u = -1197. What is the highest common divisor of s and 1650?
150
Suppose 13*k = 6*k + 6720. Calculate the highest common divisor of k and 15.
15
Suppose 11*g - 1058 = -244. What is the greatest common divisor of g and 222?
74
Suppose 21*p + 2*p - 1679 = 0. What is the highest common factor of p and 730?
73
Suppose 4*t = 18 + 34. Calculate the highest common divisor of 247 and t.
13
Suppose -605 = -5*m + 4*g, -4*m + g = 5*g - 448. Suppose -4*d + 103 = -1. Calculate the highest common divisor of d and m.
13
Let m(i) = i**2 - 12*i. Let n be m(15). Let q(o) = 5*o. Let d be q(6). Calculate the greatest common factor of d and n.
15
Let d(y) = -y**3 + 7*y**2 - 7*y + 6. Let b be d(6). Suppose -3*a + 13 - 4 = b. Calculate the highest common divisor of a and 2.
1
Let j(h) = -h**2 - 37*h - 238. Let g be j(-10). Calculate the highest common factor of 6 and g.
2
Let f = -39 + 42. Let z(r) = -r**3 + 4*r**2 - 2*r - 1. Let b be z(f). What is the greatest common factor of 5 and b?
1
Let i(q) = -q**2 - 12*q + 3. Let f be i(-9). Suppose f + 162 = 4*p. Let g be (4 - -32)*2/6. What is the highest common divisor of g and p?
12
Let m(b) = 4 + 0*b - b + 12 - b. Suppose v = 3*t - 12, -4*v = 5*t - t - 16. Let d be m(v). Calculate the highest common divisor of 24 and d.
8
Let c = 356 - 334. Suppose 0 = -0*j + 5*j - 110. What is the greatest common divisor of c and j?
22
Let y = 0 - -1. Let i(k) be the third derivative of k**5/60 - k**3/3 - 3*k**2. Let j be i(3). Calculate the greatest common divisor of j and y.
1
Suppose 0 = 3*y + 16 - 85. Calculate the highest common divisor of y and 46.
23
Let p = -1326 + 1335. Calculate the highest common factor of p and 78.
3
Let w = 226 + 429. Calculate the highest common factor of w and 15.
5
Let j(v) = -41*v + 319. Let g be j(7). What is the highest common factor of 208 and g?
16
Suppose 457 - 94 = 3*q. Suppose q = 2*z - 199. Let u be (-178)/(-11) - 2/11. Calculate the highest common factor of u and z.
16
Let i be 325/4 - 14/56. Calculate the greatest common factor of 9 and i.
9
Suppose 4*i - 20 = -4*m + 16, -4*m + i + 11 = 0. Suppose 0 = 2*l + 5*q - 52, -4*q + 5*q + m = 0. What is the highest common divisor of l and 396?
36
Let l(v) = 6*v**3 - v**2 - 9*v + 23. Let y be l(4). What is the greatest common factor of 71 and y?
71
Let d(n) = n**3 - 7*n**2 - 3*n + 10. Let f be d(7). Let j(c) = 12*c + 1. Let i be j(f). Let p = -65 - i. Calculate the greatest common divisor of p and 6.
6
Let r(m) = 2*m**3 - 38*m**2 + 25*m - 70. Let b be r(19). Calculate the greatest common factor of b and 15.
15
Let x = 714 - 247. Suppose x + 237 = 2*c. Suppose -2*h - c = -2*k + 2*h, 3*h - 906 = -5*k. What is the greatest common divisor of k and 20?
20
Let l = -31 - -57. Let s be 238/l - (-2)/(-13). Suppose -d = -3*g + g + 52, -5*d = -3*g + 71. Calculate the highest common divisor of s and g.
9
Suppose -5*h + 108 = -4*u - 0*u, 4*u = 12. Suppose 23 = -5*m - 347. Let k = -14 - m. Calculate the highest common divisor of h and k.
12
Let r be ((-1)/(-2))/(13/416). Let z be (-3)/12 + 276/r. Suppose -5 = -p + z. What is the greatest common divisor of 242 and p?
22
Suppose 106 = 58*b - 10. Let m(v) = -v**2 - 9*v - 4. Let j be m(-8). Calculate the highest common factor of b and j.
2
Suppose -3*z - 2*v + 81 = -127, -3*z + v + 202 = 0. What is the highest common factor of z and 17?
17
Suppose 6*v - 696 = -0*v. Let s = v - 76. What is the greatest common factor of 20 and s?
20
Let x = -91 - -125. Calculate the highest common divisor of 442 and x.
34
Let u(x) = -x**3 + 22*x**2 - 6*x - 258. Let g be u(21). What is the greatest common factor of 931 and g?
19
Let c be ((-3)/4)/(2/(-32)). Suppose -21*b - 21*b + 252 = 0. Calculate the highest common divisor of b and c.
6
Let s be 2*(1/((-2)/(-4)*-2))/(-2). Let t(o) = o**3 + 2*o**2 - 1. Let u be t(1). What is the greatest common divisor of s and u?
1
Suppose -5*g + 4*k = -k - 20, 2*g = 3*k + 8. Suppose 20*u = 26*u - 120. Calculate the greatest common factor of u and g.
4
Let m = 56 + -112. Let s = 58 + m. What is the highest common divisor of 4 and s?
2
Suppose 6*o - 5 = o. Let r(k) = -k**3 + 43*k**2 + 91*k - 41. Let i be r(45). Calculate the greatest common divisor of i and o.
1
Let l be (3 + -5)*(-2 - 0). Suppose 0 = 4*z - 4*r - 488, r - 20 = -l*r. Let y = 20 - 6. What is the greatest common factor of z and y?
14
Let v = 349 + -194. Calculate the greatest common divisor of 62 and v.
31
Suppose -16*l + 42 = -22*l. Suppose 3*k - 4*h = -19 + 225, 0 = -2*k + 2*h + 138. Let p = k - l. Calculate the greatest common divisor of p and 7.
7
Let y = -57 - -27. Let b = 3 - y. Calculate the highest common divisor of b and 22.
11
Suppose -6*h - 13 = -u - h, u + 5*h + 7 = 0. Suppose 4*i + u*g - 408 = 0, 0 = 5*i - 4*i + g - 101. What is the greatest common divisor of 35 and i?
35
Let k be ((-216)/(-45))/(2/5). Let f be ((-144)/k)/((-3)/2). What is the greatest common divisor of f and 80?
8
Let g be 544/(-24)*9/(-2). What is the greatest common divisor of g and 170?
34
Let a(f) = f**3 - 5*f**2 - 2*f - 3. Let k be a(6). Suppose -5*h + n + 140 = -2*n, 112 = 4*h + 3*n. What is the highest common factor of k and h?
7
Let u = 45 - 38. Suppose -44 = 2*a + 98. Let y = 99 + a. Calculate the greatest common factor of u and y.
7
Suppose -17*o + 416 + 400 = 0. What is the greatest common divisor of 64 and o?
16
Suppose r = 2*r - 24. Let g be (-16)/r - -1*35/3. Calculate the highest common factor of 33 and g.
11
Let w = -167 - -169. Suppose 6 + 0 = 3*o. Suppose o*v = -w*x + 338, -x + 258 = -v + 97. Calculate the highest common divisor of 15 and x.
15
Let u be 11/(-11) - (-52 - -8). Let r = 208 - 36. What is the greatest common divisor of u and r?
43
Let d = -294 + 306. What is the greatest common factor of 132 and d?
12
Let r(q) = q + 4. Suppose t + 5 = 2*t + 3*x, x = -2*t + 30. Let y be r(t). What is the highest common divisor of 28 and y?
7
Suppose -26*u + 23*u + 480 = 3*p, -5*p + 5*u + 810 = 0. What is the highest common divisor of p and 437?
23
Suppose k + 2*b - 594 = 0, 0 = 3*k + 5*b - 1887 + 105. Calculate the greatest common factor of k and 33.
33
Let r(k) = k**2 + 9*k + 16. Let p be r(-7). Let b(h) = -12 - 11*h**2 + 18*h**2 - h**p - 5*h. Let q be b(-6). What is the highest common divisor of q and 26?
26
Let u(k) = -3*k**3 - 2*k**2 + 6*k + 56. Let d be u(0). What is the greatest common factor of d and 28?
28
Suppose 3*p - 4*v + 12 = 2*p, -2*p - 2*v + 16 = 0. Calculate the highest common factor of p and 9.
1
Let n = -1973 - -4287. What is the greatest common divisor of n and 13?
13
Let s be (0 + 4 - -2)*11. Suppose 3*a - 19 = 32. Suppose 5*o - a = 13. Calculate the greatest common factor of o and s.
6
Let f be (-6)/(-21) + 792/(-28). Let z = f - -42. Calculate the highest common factor of 35 and z.
7
Let c(d) = 3*d**3 - 2*d + 1. Let t be c(2). Let a be (6 - (4 + 1))*168. Calculate the greatest common divisor of t and a.
21
Let a = 4 + 8. Suppose -4*k - 2*u + 36 - 12 = 0, 0 = -9*u. What is the greatest common divisor of k and a?
6
Suppose 7*n - 9 = 6*n - 2*o, 5*n + 3 = 2*o. Let r = 26 - 15. What is the greatest common factor of r and n?
1
Let m be 1/(-1) + 15/((-60)/(-224)). What is the highest common divisor of 33 and m?
11
Suppose -3*k = -k - 20. Let h be (4/k)/((-1)/(-85)). Let j be 105/14*(3 - (-2)/(6/59)). Calculate the highest common divisor of j and h.
34
Suppose -3*x - 3*x = 0. Suppose 5*p - 5*y - 200 = x, 3*y + 5 + 160 = 4*p. Calculate the highest common divisor of p and 18.
9
Let q = -17 + 16. Let b be (1 - -2)*q + 4. What is the highest common factor 